0. List the prime factors of (-95)/h*10 + p + 5.
3, 11
Let m = -6798 - -72868. What are the prime factors of m?
2, 5, 6607
Let b = 298 - 128. List the prime factors of (b/3)/(10/75).
5, 17
Suppose 3*h + c = -38, -4*c = 3*h - 7*c + 18. Let b(m) = -65*m + 153. What are the prime factors of b(h)?
2, 7, 31
Let y(u) = -4*u**2 + 21. Let x(t) = -3*t**2 - 16 + 16 + 21. Let m(p) = -3*x(p) + 2*y(p). List the prime factors of m(-10).
79
Let n = 8536 - 8196. List the prime factors of n.
2, 5, 17
Let c = -126 + 120. Let f(z) = z**3 + 7*z**2 + 2*z - 9. Let o be f(c). Suppose -38 + o = -d. What are the prime factors of d?
23
Suppose 0 = 3*a + u - 22334, -4*a - 5*u + 13118 = -16657. List the prime factors of a.
5, 1489
Suppose 0 = -69*w - 132891 + 479228 + 215392. List the prime factors of w.
7, 1163
Suppose 3*g = -5*j + 31966, 2*j - 34*g = -33*g + 12782. List the prime factors of j.
2, 17, 47
Suppose -12*z + 17*z - c - 18118 = 0, -3*z + 10874 = c. List the prime factors of (-4)/(z/606 - 6).
2, 101
Suppose -653 = x + 3*b, -4*x = -3*x - 2*b + 638. Let g be (-1)/3 - (-1)/3 - 4. List the prime factors of -7 - x/21 - g/3.
5
Let y be ((-2088)/21)/(-2) - (-2)/7. Suppose 120 + y = 5*t. Suppose -37*g = -t*g - 162. What are the prime factors of g?
2, 3
Suppose -10 = 2*o, 3*o = h - 47 - 19. Let s = -51 + h. Suppose -2*j + 5*a + 249 = s, 2*j - 327 = 3*a - 88. What are the prime factors of j?
2, 7
List the prime factors of (1165560/36)/(-22)*-3.
5, 883
Suppose -7*s - 4 + 18 = 0. Suppose 15 = -3*v, -12*k + s*v = -16*k + 3530. List the prime factors of k.
3, 5, 59
Let k(v) = v**3 - 10*v**2 + 5*v + 7. Let b be k(9). Let x = -57 - b. List the prime factors of (-1 + 2)*3/((-6)/x).
2, 7
Let s = -13608 - -17120. List the prime factors of s.
2, 439
Let o = 978 - 152. What are the prime factors of (66/77)/(1654/o - 2)?
2, 3, 59
Let y(f) = 1430*f - 2112. List the prime factors of y(13).
2, 7, 11, 107
What are the prime factors of (4/7 - 564305/(-49)) + -6 + 5?
2, 2879
Let k(v) = -v**3 + 19*v**2 + 18*v - 634. Let p be k(18). Suppose 1222 = 3*c - 65. Suppose -17*l = -p*l - c. List the prime factors of l.
11, 13
Suppose 0 = 4*n - 1162 - 3458. Suppose 45*a + n = 42*a. Let d = -168 - a. List the prime factors of d.
7, 31
Let w = -226 - -230. Let g be -1 + 0 + 3 + -3. List the prime factors of g/(-4) - ((-335)/w + 0).
2, 3, 7
Suppose 206*b - 82599 = 337023. List the prime factors of b.
3, 7, 97
Suppose 6*u - 203 - 313 = 0. Let t = 49 + u. List the prime factors of t.
3, 5
Let f(k) = -13*k + 147. Let b be f(11). Let p(i) = 18*i + 9 - 3*i + 12. List the prime factors of p(b).
3
Suppose 2*a = 16*a + 1960. Let n = 295 + a. List the prime factors of n.
5, 31
Let c be 9/15 - (-399)/35. List the prime factors of -2 - c*-5*25/20.
73
Suppose -5*f + m = 5*m - 99099, 4*m - 39630 = -2*f. What are the prime factors of f?
43, 461
Suppose 271131 = 45*a - 89962 - 510512. List the prime factors of a.
7, 2767
Suppose -o - 10 = -6*o - w, -2*o - 8 = -2*w. Let j be o*(2 - (-6 - 2/(-2))). List the prime factors of (j - -42) + (-3)/3.
2, 3
Let y(t) = t**3 + 4*t**2 - 9*t + 5. Let g be y(2). Suppose 3*b - 56 + g = 0. What are the prime factors of b?
3, 5
Let b = 31298 - 16379. List the prime factors of b.
3, 4973
Let v = 178 + -178. What are the prime factors of (-30)/(-150) + (569/5 - v)?
2, 3, 19
Let i be 8541/26*(-3 + 1). Let l = -121 - i. What are the prime factors of l?
2, 67
Let x = -2013 + 4122. What are the prime factors of x?
3, 19, 37
Let o(u) = -40*u - 9. Suppose 3 = 3*q + 4*y, 4*y = 3*q - 4*q + 9. List the prime factors of o(q).
3, 37
Suppose 11*l - 7*l - 3*l = 0. Suppose l = -3*m + 4*y + 440, -m - 445 = -4*m + 5*y. List the prime factors of m.
2, 5, 7
Suppose -2*i + 78978 = -5*p, -108*i + 113*i - 197544 = -4*p. What are the prime factors of i?
2, 3, 823
Let q(y) = -y**3 - 3*y**2 + 7*y + 10. Let j be q(-5). Let n = -9 - -11. Suppose -c + n*c = j. List the prime factors of c.
5
Let u = 264 - 221. Suppose 0 = -10*x + u*x - 3531. List the prime factors of x.
107
Let z(k) = -3*k - 4*k + 2*k + 4*k. Let d be z(-5). Suppose -2*x + d = -13. List the prime factors of x.
3
Let o = 2405 - -783. What are the prime factors of o?
2, 797
Let m(a) = -883*a - 10694. List the prime factors of m(-15).
2551
Suppose 22*l + 10419 = 2257. Let w = 1170 + l. List the prime factors of w.
17, 47
Suppose 0 = -2*t - 3*l + 6575 + 8118, 3*t = -2*l + 22027. List the prime factors of t.
41, 179
Let j(a) = -871*a - 2191. What are the prime factors of j(-21)?
2, 5, 7, 23
Let u be (1 - 1493)*(6 + -11). Suppose 83*t - 73*t - u = 0. What are the prime factors of t?
2, 373
Let y be (-484)/33 - (-84)/18. Let d(i) = -4 - 4 + 6*i + 2*i**2 - i. List the prime factors of d(y).
2, 71
Let w be 275/77 + (-6)/(-14). Suppose 0*p + w*p + z - 3141 = 0, -2*z - 774 = -p. What are the prime factors of p?
2, 7
Let c(b) = 10*b**2 - 18*b - 7. Let d be c(-7). Suppose m = -3*u + d, -4*m + 3*u = -2*m - 1173. List the prime factors of m.
2, 3, 11
Let r(j) = 5*j**3 + 18*j**2 - 32*j - 6. List the prime factors of r(10).
2, 3, 13, 83
Suppose 2*t + 2*t - 24180 = 4*n, 3*t - 2*n = 18141. List the prime factors of t.
3, 2017
Suppose -2*x = -k + 10, 0 = 32*k - 30*k + 2*x + 10. Suppose 16*s - r = 15*s + 498, k = s + r - 494. List the prime factors of s.
2, 31
Let y(z) = z**3 - 12*z**2 - 121*z + 149. List the prime factors of y(20).
929
Suppose 3 + 2 = 5*p - 5*a, -5*p - 3*a = 3. Suppose y = -5*r - 2*y + 104, -5*r + 2*y + 89 = p. Suppose -112 = 15*v - r*v. What are the prime factors of v?
2, 7
Let w(s) = -s**3 - 19*s**2 - 21*s - 41. Let p be w(-18). Suppose -p*x + 449 = -12*x. List the prime factors of x.
449
Let w(c) = 75*c - 130 - 112 + 83. What are the prime factors of w(13)?
2, 3, 17
Suppose 40*f - 1800946 = -26*f + 17*f. What are the prime factors of f?
2, 17, 23, 47
Let r(x) = 3*x**2 - 4*x + 5. Suppose 48*l - 50*l = -12. Let s be r(l). Let c = s + 20. What are the prime factors of c?
109
Suppose -61 - 95 = -39*h. List the prime factors of (-5 - (-99)/45)/(h/(-890)).
7, 89
Let f(d) = 76*d**2 - 114*d + 1. Suppose 37*i - 33*i - 20 = 0. What are the prime factors of f(i)?
11
Let p = 3935 + -3103. List the prime factors of p.
2, 13
Suppose 262*h = 228*h + 30396. List the prime factors of h.
2, 3, 149
Let w = -114 - -10. Let l = -58 - w. Let o = l + -4. What are the prime factors of o?
2, 3, 7
Let f be 99/22 + 1/2. Suppose -2*v + 6011 = 3*z, f*z + 2*v = 3*v + 10001. List the prime factors of z.
3, 23, 29
Let p(s) = -11*s**2 - 14*s + 4671. List the prime factors of p(0).
3, 173
Let t = 117 + -117. Suppose 24*h - 11156 + 1652 = t. What are the prime factors of h?
2, 3, 11
List the prime factors of 22/28 - 3/6 - (-117154335)/2191.
11, 4861
List the prime factors of 4/((-96)/(-207255)) - (-15 + (-1170)/(-80)).
2, 17, 127
Suppose 40*u = -12*u + 4065903 - 1353739. List the prime factors of u.
7, 7451
Suppose -4*j = 6*t - 15684, 42*t - 40*t - 15676 = -4*j. List the prime factors of j.
2, 3, 653
Let n(s) = -s**3 + 19*s**2 - 30*s - 4 - 2 - 7 + 14. List the prime factors of n(17).
3, 23
Suppose -204 = -3*j + 3*x, -36*x = -5*j - 26*x + 315. List the prime factors of j.
73
Suppose 9*h + 18 = 45. Suppose -835 = -3*j + 2*r, -2*j + 854 - 289 = -h*r. List the prime factors of (j/(-20))/((-1)/4).
5, 11
Let s = -123 - 402. Let j = -257 - s. List the prime factors of j.
2, 67
Suppose j + 31 = -4*t, -3*t + 132 = -3*j - 2*j. Let h be (0 - (-4)/6)/((-16)/144). List the prime factors of (j/(-4))/(h/(-24)).
3
Suppose 4*y + 9300 = 288. Let a = -798 - y. Suppose -12*n + a = -1245. List the prime factors of n.
3, 5
Let i(b) = -30 - 71*b + 31*b + 13 - 71*b. What are the prime factors of i(-4)?
7, 61
Let w(k) = k**2 + 15*k + 47. Let h be w(-4). Suppose z = 3*p - 1565, -p + 5*z = -h*p + 1032. What are the prime factors of p?
521
Let d(p) be the second derivative of -p**4/12 + 2*p**3/3 + 190*p**2 + 17*p. What are the prime factors of d(0)?
2, 5, 19
Suppose 353 - 1549 = -h. Suppose -4*q - 4*z + 940 = 0, 0 = -5*q - 6*z + 8*z + h. Let w = 419 - q. What are the prime factors of w?
181
Let w(i) = -4549*i - 36. List the prime factors of w(-3).
3, 13, 349
Let n(g) = 2*g**3 - 3*g**2 + 11*g - 8. Let d be n(7). Let v = -362 + d. What are the prime factors of v?
2, 3, 41
Let a = -11 - -96. Let q = a - 208.